ivisor of 1025 and 54079.
41
What is the greatest common factor of 2850 and 54525?
75
What is the greatest common factor of 1166 and 8998?
22
Calculate the greatest common factor of 451 and 1560911.
451
What is the highest common divisor of 7750 and 10602?
62
Calculate the greatest common factor of 954996 and 336.
84
What is the highest common factor of 1 and 24249?
1
Calculate the highest common factor of 2460 and 62340.
60
Calculate the highest common divisor of 57239 and 518.
259
Calculate the highest common factor of 48 and 1581904.
16
Calculate the highest common divisor of 777 and 236319.
111
What is the greatest common divisor of 6499 and 14647?
97
Calculate the greatest common factor of 2028 and 3426.
6
Calculate the highest common factor of 6970 and 3400.
170
Calculate the highest common divisor of 4262715 and 45.
45
What is the highest common factor of 2010913 and 417?
139
What is the greatest common divisor of 287 and 5313?
7
Calculate the highest common factor of 135552 and 240.
48
What is the greatest common factor of 41604 and 30?
6
Calculate the highest common factor of 1370 and 42881.
137
What is the highest common factor of 76751 and 329?
47
What is the highest common divisor of 6 and 199814?
2
Calculate the highest common divisor of 23782 and 26312.
506
Calculate the greatest common factor of 184 and 12719.
23
Calculate the greatest common factor of 192 and 254616.
24
Calculate the greatest common factor of 70956 and 72.
36
Calculate the highest common divisor of 3246 and 222.
6
What is the greatest common factor of 273010 and 1840?
230
Calculate the greatest common factor of 4192520 and 9325.
1865
What is the greatest common divisor of 2751 and 4192?
131
What is the greatest common factor of 700020 and 144?
36
What is the greatest common factor of 4602897 and 117?
117
What is the highest common factor of 500531 and 51?
17
Calculate the greatest common factor of 45 and 261255.
15
Calculate the highest common factor of 5344 and 5216.
32
What is the greatest common divisor of 77 and 11669?
7
Calculate the highest common factor of 14520 and 1440.
120
Calculate the greatest common divisor of 162 and 599967.
81
What is the greatest common divisor of 13948 and 343628?
1268
What is the highest common divisor of 113000 and 16?
8
Calculate the highest common divisor of 908642 and 574.
574
Calculate the greatest common divisor of 13 and 1315639.
13
What is the highest common factor of 15 and 111985?
5
Calculate the greatest common divisor of 288 and 8952.
24
Calculate the highest common factor of 545 and 1413185.
545
What is the greatest common divisor of 359 and 2434379?
359
Calculate the greatest common divisor of 84 and 785414.
14
What is the greatest common factor of 100 and 2425?
25
What is the highest common factor of 1685 and 105818?
337
What is the highest common factor of 2091 and 789?
3
Calculate the highest common divisor of 35746 and 33402.
586
What is the highest common divisor of 6 and 1966?
2
Calculate the greatest common factor of 8 and 40104.
8
What is the greatest common factor of 289 and 17051?
289
Calculate the highest common factor of 2183930 and 14.
14
Calculate the greatest common factor of 187528 and 2992.
88
What is the greatest common divisor of 468 and 1360242?
234
What is the highest common factor of 11139 and 7755?
141
What is the greatest common factor of 2154 and 453058?
718
What is the highest common factor of 435 and 241830?
15
What is the greatest common factor of 29265 and 195?
15
Calculate the greatest common divisor of 504 and 300972.
84
What is the greatest common divisor of 16757 and 2821?
13
Calculate the highest common divisor of 426 and 8.
2
What is the highest common factor of 100 and 428?
4
What is the greatest common divisor of 77165 and 793?
61
What is the greatest common divisor of 29185 and 13455?
65
Calculate the greatest common factor of 632078 and 178.
178
Calculate the greatest common factor of 153127 and 13.
13
What is the greatest common factor of 1755 and 34281?
117
Calculate the highest common divisor of 248 and 3206888.
248
Calculate the greatest common divisor of 515 and 273465.
515
What is the highest common factor of 120 and 3012?
12
What is the greatest common divisor of 2532 and 6752?
844
What is the highest common divisor of 243 and 67554?
243
What is the highest common factor of 25 and 2327425?
25
Calculate the highest common factor of 30 and 19870.
10
Calculate the greatest common factor of 297 and 41283.
297
What is the highest common factor of 210 and 2058?
42
Calculate the highest common factor of 18 and 37971.
9
Calculate the greatest common factor of 37114 and 2926.
154
Calculate the greatest common divisor of 12 and 83588.
4
What is the highest common factor of 27318 and 12?
6
Calculate the highest common divisor of 48 and 106032.
48
What is the highest common factor of 2152 and 488?
8
Calculate the greatest common factor of 19719 and 504.
63
Calculate the greatest common factor of 492 and 6996.
12
What is the highest common divisor of 264719 and 14?
7
Calculate the highest common factor of 2080 and 262210.
130
Calculate the greatest common factor of 2033130 and 40.
10
Calculate the greatest common factor of 62 and 342550.
62
Calculate the greatest common divisor of 90 and 275085.
45
Calculate the highest common factor of 2091 and 82.
41
Calculate the greatest common divisor of 1405 and 35.
5
Calculate the greatest common factor of 125 and 159275.
25
What is the greatest common factor of 6644 and 199018?
302
Calculate the greatest common factor of 1164 and 329024.
388
What is the highest common factor of 40 and 125480?
40
Calculate the greatest common divisor of 2808 and 5265.
351
What is the highest common divisor of 24058 and 13248?
46
What is the greatest common factor of 8 and 5996?
4
What is the greatest common factor of 17215 and 352?
11
What is the highest common divisor of 36 and 170406?
18
What is the highest common factor of 38 and 4730012?
38
What is the greatest common factor of 78947 and 77?
11
What is the highest common divisor of 2076 and 52908?
12
Calculate the greatest common factor of 14986 and 2006.
118
What is the highest common divisor of 320 and 250432?
64
What is the greatest common factor of 23290 and 6439?
137
What is the highest common divisor of 699 and 66638?
233
Calculate the greatest common factor of 269260 and 120.
20
Calculate the greatest common factor of 4553 and 30508.
29
Calculate the highest common factor of 4601 and 86.
43
What is the greatest common factor of 114 and 2173714?
38
What is the highest common factor of 8201 and 118?
59
What is the greatest common divisor of 210997 and 20525?
821
Calculate the highest common factor of 628 and 316.
4
What is the highest common factor of 1017 and 238769?
113
What is the greatest common divisor of 624056 and 32?
8
Calculate the greatest common factor of 16 and 71428.
4
What is the highest common factor of 499824 and 1584?
144
What is the greatest common divisor of 46 and 66516?
46
Calculate the highest common divisor of 270 and 7317.
27
Calculate the highest common factor of 11796 and 744.
12
What is the greatest common divisor of 372 and 121892?
124
What is the greatest common factor of 13 and 1027?
13
Calculate the highest common divisor of 11160 and 1845.
45
Calculate the highest common factor of 497 and 4474988.
497
Calculate the greatest common factor of 15 and 1525.
5
Calculate the greatest common divisor of 5110 and 2870.
70
Calculate the greatest common divisor of 1846 and 754.
26
What is the greatest common divisor of 1512 and 144774?
378
Calculate the greatest common factor of 190708 and 1715.
343
What is the highest common divisor of 771966 and 234?
234
Calculate the greatest common factor of 23 and 16859.
23
Calculate the greatest common divisor of 2048 and 5.
1
Calculate the greatest common factor of 108 and 6288.
12
Calculate the greatest common factor of 5712 and 173502.
714
Calculate the greatest common factor of 155968 and 16.
16
What is the greatest common divisor of 14227 and 123?
41
Calculate the highest common factor of 103459 and 13143.
337
What is the greatest common divisor of 4675 and 9775?
425
What is the highest common factor of 69642 and 237546?
954
Cal